mine z(-2).
7
Let w(u) = -u**3 + 6*u**2 + 5*u - 9. Suppose 4*o + 8 = -5*g + 30, -20 = -4*g - 2*o. Determine w(g).
21
Suppose 0 = 5*m + 14 - 74. Suppose -3*y - 2*v = -3, -y = -5*v + 2*v - m. Let a(k) = 2*k. Determine a(y).
6
Let o(d) = -10*d**3 - 2*d + 2 - 2*d**3 - d + 10*d**3 + 4*d**2. Determine o(2).
-4
Suppose 5*s = 30*n - 25*n - 5, 0 = 4*n + 5*s - 49. Let t(r) = -6*r**2 + r - 3. Let f(q) = q**2 + q + 1. Let j(w) = 5*f(w) + t(w). Determine j(n).
2
Let k(u) = 2 + 2 - 2*u - 3. Suppose 4*h - r = -5*r - 344, 0 = -h - 5*r - 106. Let t be 3/(-2) + 1 + h/(-18). What is k(t)?
-7
Let m(r) = -3*r - 8. Let l(a) = -6 + 22*a**2 - 7*a - 35*a**2 + 21*a**2 - a**3. Let w = -12 + 19. Let z be l(w). Determine m(z).
10
Let i(y) = y**3 + 2*y**2 + y + 1. Let f be 12/(-14)*98/(-42). Give i(f).
19
Let n(b) be the second derivative of -b**5/20 + 4*b**4/3 - 5*b**3/2 + 4*b - 4. Give n(15).
0
Let z(f) be the first derivative of -3*f**4/2 + f**3/3 - f + 2. Let v be (-13)/(-4) - 3/12. Suppose v*g + 2 - 5 = 0. Give z(g).
-6
Let z(c) = -c + 1. Let l(q) = -q**2 - 17*q + 18. Let f(g) = -4*g**2 - 13*g - 6. Let k be f(-4). Let t be l(k). Calculate z(t).
1
Let u(h) = -h**2 - 7*h + 17. Let i be (2/(-12)*20)/(14/21). Give u(i).
27
Let g(h) = -2*h**2 - 2*h - 2. Let k(a) = -5*a**2 - 5*a - 5. Let n(y) = -8*g(y) + 3*k(y). Give n(0).
1
Let j(f) be the first derivative of -f**3/3 - 4*f**2 - 11*f - 110. Determine j(-3).
4
Let m(i) = i. Let k(h) = -h**2 - 4*h + 1. Let z(r) = 2*r + 6. Let x be z(-2). Let y(g) = x*m(g) + k(g). Calculate y(-3).
-2
Suppose 25 = -5*w, -2*o + 6*w + 27 = 3*w. Let m = 17 - 10. Let c = o - m. Let i(f) = -7*f**2 + 1. What is i(c)?
-6
Suppose 7*c + 3 - 10 = 0. Let s(o) = 2*o**2 - 42*o**3 + 90*o**3 - c - 46*o**3. What is s(-1)?
-1
Let c(r) = 7*r**2 + r + 1. Let g(p) = p**2 - 9*p + 1. Let a be g(10). Suppose -2*q = b + q - a, 3 = b + q. Determine c(b).
7
Let x(q) be the third derivative of -3*q**4/8 - q**3/6 - 2*q**2. Let z = 10 + -4. Let c be (-4)/z + 3/(-9). Calculate x(c).
8
Let u(o) = o**3 - 4*o**2 + 2*o + 2. Suppose -5*s = 8 + 2. Let f(b) = -b - 3. Let k be f(s). Let q be 3*1*(2 + k). Give u(q).
-1
Let h(k) = -k**2 - 5*k + 3. Suppose -2*y + 23 = -3*c, -c - 9 = 6*y - 7*y. What is h(c)?
3
Let k(x) = 2*x + 6. Suppose 5*y + 4*a - 34 = 22, 12 = -y + 5*a. Suppose j + 1 = -y. Determine k(j).
-12
Let a(z) be the first derivative of -1/4*z**4 + 12 + 2*z**3 + 7*z + 4*z**2. What is a(7)?
14
Let r(t) = -t - 1. Suppose -2*z - z = 0. Let b = z - -7. Let l = 2 - b. Give r(l).
4
Let u(k) be the third derivative of k**8/20160 - k**7/560 - 7*k**6/360 + k**5/60 - 5*k**2. Let x(g) be the third derivative of u(g). Give x(11).
8
Let k(w) = -3*w**2 + 5*w + 5. Let c be (-1)/(-2) + 5/2. Let q(a) = -2 + 2 + a**2 - 2*a + 1 - c. Let j(u) = -3*k(u) - 7*q(u). What is j(-1)?
2
Suppose 2*i = t - 2, 4*t + 42*i = 43*i - 6. Let c(j) = 3*j**2 + 2*j + 4. Calculate c(t).
12
Let l = 98 + -98. Let h(b) = -b**2 + b - 8. What is h(l)?
-8
Let u(m) be the third derivative of m**6/120 + m**5/12 - m**4/3 - m**3 - m**2. Suppose -29 = -3*t - 47. Determine u(t).
6
Let n(z) = -5*z**3 - 3*z**2 + 4*z + 5. Let i(g) = -6*g**3 - 3*g**2 + 5*g + 6. Let o(r) = -4*i(r) + 5*n(r). Calculate o(-3).
1
Let g be ((-1)/90*3)/((-20)/50). Let j(o) be the third derivative of -g*o**4 + 0*o + 0 - 7*o**2 - 1/15*o**5 - 1/6*o**3. Calculate j(-1).
-3
Let k(c) = -2*c**3 + 2*c**2 + c + 1. Suppose -m = 5*h - 4*h - 9, m - 29 = -5*h. Let i(a) = -20 + 28 - m*a + 5*a. Let l be i(-6). What is k(l)?
-5
Let s be (3 - (-868)/18) + (-2)/9. Let l = s + -55. Let z(p) = -p**2 - 8*p - 1. What is z(l)?
15
Suppose -9*z = -13 + 4. Let b(k) = -k**3 - k**2 + 2*k - 1. Calculate b(z).
-1
Suppose -2*u = -3*o - 1, 4*u = -6*o + 2*o + 12. Suppose -o + 2 = -a. Let b be 14/4 - a/2. Let m(g) = g**2 - 4*g - 5. What is m(b)?
-5
Let q(i) = 5*i**3 - i**2 + 2*i - 4. Let v(y) = 7 - y - 9*y**3 + 3*y + 2*y**2 - 5*y. Let d(h) = 7*q(h) + 4*v(h). Calculate d(-2).
8
Let q = -8 + 12. Suppose 6*k - 144 = 2*k + 4*f, 92 = 2*k + 3*f. Let i(y) = 38*y - y**2 + 3 - 75*y + k*y. Give i(q).
-1
Let d(i) = -1. Let k(o) = o + 8. Let r be k(-7). Let c(u) = -3*u - 3. Let s(b) = r*c(b) - 6*d(b). Suppose 5*h + 2*x - 4*x = 18, -3*h - 2*x - 2 = 0. Give s(h).
-3
Let j(x) = -2*x - 1. Let t be (-8)/40 + (-33)/(-15). What is j(t)?
-5
Let s(h) be the second derivative of 7*h**3/2 + 19*h + 1. Calculate s(-1).
-21
Let n(q) = 972 - 502 - 4*q - 493. Determine n(-8).
9
Let w = 1 - -6. Let r(i) = w - i - 2*i + i - 6. What is r(-3)?
7
Let j(x) = x**3 - 10*x**2 + 10*x - 7. Let c(w) = 3*w - 54. Let v be c(22). Let n be v/114 - 338/(-38). Give j(n).
2
Suppose -3*t - t = -24. Let v be 3/t*(-1 + -13). Let i(d) = 2*d + 1. Let y(f) = 4*f. Let p(x) = -3*i(x) + y(x). What is p(v)?
11
Let y(c) = c**2 + c + 2. Suppose 3*b = k - 4*k, -2*b = -k. Determine y(b).
2
Let r(l) be the third derivative of -5*l**4/24 - 4*l**3/3 + 36*l**2. What is r(7)?
-43
Let i(g) = -3*g**2 + 3*g - 3. Let q(h) = -h**2 - 1. Let p(a) = -i(a) + 2*q(a). Let c be 12/(-20)*(2 - (3 + 4)). What is p(c)?
1
Let f = -39 + 80. Let u = 38 - f. Let w(j) = -j**3 - 3*j**2 - 2*j + 4. Calculate w(u).
10
Let y(k) be the second derivative of k**4/12 + 3*k**3/2 - 15*k**2/2 - 11*k - 5. What is y(-11)?
7
Suppose 4 = m - 1. Let c(k) = -k**2 + 6*k - 2. Let f be c(m). Let y(h) = 6*h - h**f + 2 - 5*h - 7. What is y(0)?
-5
Suppose 2*d - 2*l = l - 6, -d - 4*l + 19 = 0. Suppose -d*n = 2*n - 35. Let i(s) = -s**2 + 8 - n - s**3 + 5*s**2 + 2*s - 4. Determine i(4).
5
Let g(q) = q**2 - 5*q - 25. Let b be g(8). Let l(j) be the first derivative of -5/2*j**2 + 2 + j. Give l(b).
6
Let y(o) be the second derivative of -o**4/12 - 11*o**3/6 - 4*o**2 - 41*o + 3. Determine y(-10).
2
Let b(u) = 6*u**3 + 9*u**2 + 10*u - 7. Let a(l) = -7*l**3 - 9*l**2 - 11*l + 8. Let n(q) = 5*a(q) + 6*b(q). Calculate n(-8).
22
Let a(s) = 7 - 3 + 4 + s. Let q(w) = -w + 9. Let l be q(0). Let b = -9 + l. Determine a(b).
8
Let a be -1*(-1)/((-2)/(-6)). Let f(q) = -a - 3*q - 5*q + 2. Suppose 75*l - 38*l + 37 = 0. Determine f(l).
7
Let k(q) = q**2 + q - 6. Suppose -4*x = -x - 6*x. Let l be k(x). Let m(p) = p + 1. What is m(l)?
-5
Suppose t - 2 + 4 = 0, 2*u = -4*t + 6. Let h(p) = -7*p**2 - 16*p + 9. Let r(m) = -10*m**2 - 24*m + 13. Let c(l) = u*h(l) - 5*r(l). Determine c(-7).
-9
Let v(s) be the third derivative of -s**6/120 - s**5/60 + 5*s**4/12 + 2*s**3/3 - 22*s**2. Let x be v(-3). Let r(l) = -l**2 - 8*l + 4. What is r(x)?
4
Suppose -2*j - 3*j - 40 = -8*c, -c - 40 = 5*j. Let k(i) = 6 + 7*i**2 + i**3 - 1 - 4 - 8 - 10*i. What is k(j)?
9
Let h(w) be the third derivative of -w**9/60480 + w**8/6720 + w**7/1260 - w**6/720 + w**5/10 + 4*w**2. Let k(y) be the third derivative of h(y). Determine k(4).
-1
Let v(t) = 7 + t + t - 4*t - 14 - 1. Calculate v(-7).
6
Suppose 40 + 104 = 36*j. Let s(a) = -a**3 + 6*a**2 - 5*a - 4. Calculate s(j).
8
Let o(h) = h - 2*h**3 + 3*h**2 - 2*h - 2*h**2. Let l be o(1). Let x(u) be the first derivative of -9*u**2/2 - 3*u + 210. Give x(l).
15
Let u be ((-9)/(-6))/((-1)/2). Let q be u*-2*4/(-24). Let t(o) = -o**2 - o - 1. Determine t(q).
-1
Let z(b) = -b**2 + 3*b + 2. Let x be (-6)/(1/(2/(-3))). Let f be (-2 - 1)/(x + -5). Determine z(f).
2
Suppose 0 = -3*p + 5*w - 8, 2*p + w = 6*w - 7. Let v(f) = -f**3 + f**2 + f + 1. Let n(d) = -24*d**3 + 6*d**2 + 7*d + 7. Let t(l) = n(l) - 6*v(l). Give t(p).
18
Let i be (-177)/90*-4 - (-30)/225. Let d(a) = 2*a - 5. Calculate d(i).
11
Let f(y) be the first derivative of y**2 - 91. Let h = -1 - 0. Let n = h - 0. Determine f(n).
-2
Let i(r) = -r**3 + 6*r**2 - r + 8. Let x(p) = -2*p + 10. Let f be x(4). Let u be 7/(7/f) + 4. Give i(u).
2
Let j(r) = 3*r**2 + 5*r + 8. Let f(m) = -m**2 + 1. Let l(x) = 8*x**2 + 6*x + 5. Let u(v) = -4*f(v) - l(v). Let a(h) = -3*j(h) - 2*u(h). Give a(-4).
-10
Suppose 2*m - 8 = -0. Suppose -3 = -q - 3*k - m, 0 = -2*k. Let z(j) be the third derivative of j**6/20 - j**4/24 + 2*j**2. What is z(q)?
-5
Suppose -2*q + 20 - 16 = 0. Let o(c) = 8 - 35 - 7*c + 12 + 9 + c**q. What is o(8)?
2
Suppose -5*n + 4*n = -15. Let d(a) = 55*a - 15. Let p(b) = -8*b + 2. Let z(j) = n*p(j) + 2*d(j). Determine z(-1).
10
Let v(a) = -5*a**3 + a**2. Let y(d) = -2*d**3 + 14*d**2 + d + 3. Let t be y(7). Let k(p) = p**2 - 9*p - 11. Let i be k(t). Calculate v(i).